
17
Let d(p) = -4*p - 26. Give d(-5).
-6
Let l(i) = -29*i**2 - 5*i - 1. Calculate l(-1).
-25
Let l(q) = q**3 - 13*q**2 - 16*q + 20. Determine l(14).
-8
Let k(l) = -18*l**3 + l**2 - 1. What is k(1)?
-18
Let r(f) = f**2 + 4*f + 4. Give r(-5).
9
Let y(q) = 2*q**2 - 59*q + 9. Calculate y(28).
-75
Let o(r) = r**3 - 5*r**2 - 13*r + 26. Determine o(8).
114
Let y(m) = 11*m - 4. Determine y(2).
18
Let l(o) = -o**2 - 37*o + 155. Calculate l(-41).
-9
Let d(r) = r**3 + 15*r**2 - 10*r + 33. What is d(-16)?
-63
Let c(n) = -n**3 + 8*n**2 - n + 2. Determine c(8).
-6
Let x(d) = 6*d**2 - 3*d - 4. Calculate x(3).
41
Let c(z) = -z - 1. Calculate c(2).
-3
Let w(u) = u**3 - 5*u**2 + 6*u + 1. Determine w(4).
9
Let c(n) = -n**2 - 18*n - 89. Give c(-8).
-9
Let m(o) = -6*o**3 + o**2 + 2*o. Determine m(-1).
5
Let d(n) = -4*n - 12. What is d(5)?
-32
Let n(y) = -y**3 + 12*y**2 - 13*y + 10. Determine n(11).
-12
Let v(b) = -3*b - 1. Give v(-8).
23
Let m(a) = -a**2 - 5*a + 9. Calculate m(-6).
3
Let d(l) = -2*l**2 - 3*l - 2. Determine d(-3).
-11
Let h(i) = 4*i**2 - 15*i - 22. What is h(5)?
3
Let j(h) = h**2 + 9*h - 37. What is j(-12)?
-1
Let t(f) = f + 2. Calculate t(-1).
1
Let x(f) = -f**2 - 7*f + 20. Give x(3).
-10
Let u(p) = -p**2 - 8*p + 14. Determine u(-8).
14
Let o(j) = 3*j - 108. What is o(33)?
-9
Let y(v) = -v**3 + 8*v**2 - 7*v - 11. Give y(4).
25
Let s(j) = -12*j + 7. Calculate s(-3).
43
Let m(o) = o**2 - 2. Calculate m(2).
2
Let t(h) = 4*h**2 + 2*h + 1. What is t(-2)?
13
Let u(q) = -q**2 + 12*q - 30. Give u(6).
6
Let l(d) = d**2 - 11*d + 72. Determine l(6).
42
Let y(a) = a**2 + 12*a + 18. What is y(-11)?
7
Let m(b) = -b**2 + 17*b - 29. Calculate m(14).
13
Let c(r) = -r**2 + 11*r + 9. Calculate c(12).
-3
Let v(w) = w**2 + 5*w - 3. Give v(-8).
21
Let m(g) = g**3 + 34*g**2 + 2*g + 108. What is m(-34)?
40
Let p(t) = -t**2 + 8*t + 14. What is p(7)?
21
Let v(n) = n**3 - 2*n**2 - 12*n + 1. Determine v(4).
-15
Let a(z) = 13*z + 8. Determine a(-2).
-18
Let w(b) = -b**3 + 2*b**2. Give w(3).
-9
Let m(o) = -9*o**2 + 5*o + 5. What is m(-2)?
-41
Let y(c) = c**3 - c - 20. What is y(0)?
-20
Let l(q) = q**2 - 9*q + 10. What is l(5)?
-10
Let d(n) = -4*n**3 + 2*n**2 + 2*n. What is d(-1)?
4
Let s(a) = -a**3 - 21*a**2 - 19*a + 19. What is s(-20)?
-1
Let w(z) = z**3 - 12*z**2 + 7*z - 5. Determine w(11).
-49
Let i(s) = s**2 + 6*s - 9. Determine i(-6).
-9
Let i(l) = -2*l**2 - 31*l - 23. What is i(-15)?
-8
Let v(a) = -5*a - 89. Give v(-20).
11
Let x(k) = 56*k + 6. Calculate x(2).
118
Let w(f) = 4*f**3 + f**2 - 5*f - 4. Calculate w(-2).
-22
Let a(m) = m**2 + 15*m + 8. Give a(-14).
-6
Let o(l) = 20*l + 402. Determine o(-20).
2
Let k(s) = s + 34. Determine k(5).
39
Let z(k) = -7*k**3 + k**2 + 9*k + 8. Calculate z(-1).
7
Let o(s) = -41*s**3 + s. Give o(1).
-40
Let t(s) = 8*s - 66. Calculate t(8).
-2
Let u(r) = -10*r**3 + 2*r**2 - 2*r + 1. Give u(1).
-9
Let d(b) = -b**2 - 15*b - 2. Determine d(-14).
12
Let m(y) = -2*y**2 - 3*y + 11. Calculate m(5).
-54
Let u(z) = -2*z**2 - z + 10. Determine u(-3).
-5
Let z(q) = q**3 - q**2 + 5*q - 12. Give z(2).
2
Let v(b) = 3*b**3 - 6*b**2 - 12*b. Give v(3).
-9
Let z(a) = -85*a - 497. Give z(-6).
13
Let b(c) = c**3 + 10*c**2 + 8*c + 2. What is b(-9)?
11
Let d(n) = -6*n**2 + 50*n - 97. Calculate d(5).
3
Let m(o) = o**2 - o - 3. Calculate m(-4).
17
Let z(k) = -7*k + 185. Determine z(28).
-11
Let y(h) = -5*h**2 - h. Give y(2).
-22
Let x(p) = p + 49. Give x(0).
49
Let v(z) = 10*z + 31. Determine v(-13).
-99
Let y(i) = -2*i**3 - i**2 + 3*i + 2. What is y(-2)?
8
Let j(l) = -7*l + 68. Calculate j(8).
12
Let z(d) = d**3 - 6*d**2 - 16*d - 9. What is z(8)?
-9
Let q(i) = i**3 - i**2 - i - 10. Give q(0).
-10
Let f(c) = c**2 + 6*c + 4. What is f(-5)?
-1
Let b(q) = q**3 + 10*q**2 - 15. What is b(-10)?
-15
Let l(c) = -c**2 - 12*c - 32. What is l(-15)?
-77
Let l(r) = 2*r**2 - 6*r - 1. Calculate l(5).
19
Let v(f) = -f**2 - 7*f + 3. What is v(-9)?
-15
Let j(c) = 2*c - 18. Determine j(6).
-6
Let m(g) = -g**3 + 5*g**2 + 3*g - 14. What is m(5)?
1
Let b(m) = -m**3 + 14*m**2 + 77*m - 1. Calculate b(-4).
-21
Let k(s) = -s**2 + 11*s + 51. What is k(-3)?
9
Let m(l) = l**3 - 31*l**2 + 186*l - 1. Determine m(8).
15
Let r(t) = 4*t - 47. What is r(12)?
1
Let g(l) = l**3 - 11*l**2 + l - 9. Give g(11).
2
Let v(u) = -22*u**3 - 3*u**2 - 3*u - 2. Give v(-1).
20
Let h(z) = -8*z**2 + 2*z - 4. Give h(2).
-32
Let k(d) = 22*d + 192. Give k(-8).
16
Let d(f) = f**2 - 7*f - 84. Determine d(13).
-6
Let v(q) = 8*q - 94. Give v(11).
-6
Let q(a) = -a**2 + 265*a + 1631. What is q(-6)?
5
Let b(c) = -2*c**3 + c**2 - c - 4. What is b(-3)?
62
Let l(c) = c**2 - 3*c + 20. Determine l(3).
20
Let r(n) = -n**2 - 12*n - 19. Determine r(-8).
13
Let y(n) = -n**3 - 9*n**2 - 3*n + 7. Give y(-6).
-83
Let z(t) = -t**3 + 4*t**2. Determine z(5).
-25
Let w(b) = 3*b**2 + 2*b - 2. Give w(-2).
6
Let g(f) = f**3 + 18*f**2 + 17*f + 20. Give g(-17).
20
Let i(s) = -s**3 - 9*s**2 - 9*s - 4. Give i(-8).
4
Let p(m) = -2*m + 25. Give p(10).
5
Let w(j) = j**3 + 9*j**2 + 27*j + 47. Determine w(-5).
12
Let w(b) = b**3 - 13*b**2 - 16*b + 30. Give w(14).
2
Let v(b) = -b**2 + 34*b - 53. Calculate v(30).
67
Let x(t) = -t**2 + 9*t + 6. Determine x(10).
-4
Let f(y) = 5*y - 15. Calculate f(6).
15
Let a(i) = 2*i**2 + 35*i + 4. What is a(-16)?
-44
Let p(t) = -t**3 - 9*t**2 - 5*t + 18. Calculate p(-5).
-57
Let o(f) = f**2 - 7*f + 6. Determine o(2).
-4
Let h(r) = -r**2 + 21*r - 25. Give h(20).
-5
Let y(l) = -18*l**2 - 1. What is y(1)?
-19
Let t(g) = g**3 - 3*g**2 + 4*g - 16. Give t(3).
-4
Let v(g) = 53*g + 150. Give v(-3).
-9
Let q(j) = -6*j**3 + 2*j - 1. Calculate q(1).
-5
Let w(o) = -o**3 - 4*o**2 + 18*o + 6. Determine w(-6).
-30
Let t(v) = -v**2 + 17*v - 11. Calculate t(13).
41
Let g(q) = q**2 + 9*q + 15. Determine g(-5).
-5
Let a(u) = u**3 + 6*u**2 - 3*u - 4. Determine a(3).
68
Let i(k) = -k**3 - 18*k**2 + k + 20. Calculate i(-18).
2
Let z(t) = -6*t - 1. Give z(2).
-13
Let j(d) = 24*d**2 - 6*d + 4. What is j(1)?
22
Let c(k) = 44*k**3 + 2*k**2 - 2*k - 2. Determine c(-1).
-42
Let g(k) = 4*k**3 + 19*k**2 - 7*k + 11. Give g(-6).
-127
Let m(u) = u**3 + 5*u**2 + 5*u - 6. Give m(-5).
-31
Let s(g) = g + 18. What is s(-17)?
1
Let k(y) = -y**3 - 5*y**2 - 2*y - 13. Calculate k(-5).
-3
Let k(u) = -11*u - 61. Determine k(-7).
16
Let s(w) = w**3 - 8*w**2 + 2. Determine s(8).
2
Let v(k) = -k**3 - 5*k**2 + k - 15. Calculate v(-5).
-20
Let p(r) = -r**2 + r - 4. What is p(6)?
-34
Let n(k) = k**2 - 6*k + 4. Determine n(2).
-4
Let k(m) = m**2 + 46*m + 485. Determine k(-14).
37
Let h(m) = m**2 - 5*m - 23. Determine h(-5).
27
Let h(y) = y**3 - 4*y**2 - 17*y + 3. Determine h(6).
-27
Let j(f) = -2*f**2 + 20*f + 32. Calculate j(11).
10
Let r(y) = -3*y**2 + 5*y - 2. Calculate r(3).
-14
Let i(u) = u**2 - 4*u + 11. Calculate i(8).
43
Let r(b) = -2*b**3 + 17*b**2 - 31*b + 3. Calculate r(6).
-3
Let p(b) = -b**2 - 19*b - 8. Calculate p(-18).
10
Let v(l) = -17*l + 57. Determine v(3).
6
Let o(h) = 11*h**2 + h + 1. Calculate o(-1).
11
Let m(l) = l**2 + 9*l + 22. Determine m(-6).
4
Let i(a) = -14*a - 129. What is i(-7)?
-31
Let a(z) = z**3 + z**2 - 7*z - 8. Determine a(-3).
-5
Let l(d) = -d**2 - 25. Calculate l(0).
-25
Let d(j) = -j**3 - 22*j**2 + 30*j + 159. What is d(-23)?
-2
Let k(c) = -c**2 + 3*c - 6. Calculate k(7).
-34
Let w(z) = -z**3 + 5*z**2 + 13*z - 48. Calculate w(6).
-6
Let g(z) = 4*z - 11. Determine g(4).
5
Let o(f) = 118*f. Give o(-1).
-118
Let j(f) = f**3 - 3*f**2 - 2*f - 8. Calculate j(0).
-8
Let p(a) = -5*a - 128. Give p(-24).
-8
Let k(c) = 2*c**3 + 106*c**2 - 106*c + 105. Calculate k(-54).
-3
Let c(y) = y**2 + 6*y - 7. What is c(-9)?
20
Let s(k) = -9*k + 2. Determine s(-2).
20
Let v(g) = 3*g - 2. What is v(4)?
10
Let b(q) = -6*q + 20. Determine b(3).
2
Let l(a) = 3*a + 89. What is l(-2)?
83
Let l(i) = -3*i**3 + 6*i**2 - 4*i + 1. What is l(2)?
-7
Let d(h) = -h**3 - 3*h**2 + 2*h - 11. What is d(-4)?
-3
Let p(o) = -o - 6. Determine p(-6).
0
Let c(t) = -t - 24. Calculate c(-24).
0
Let p(t) = -t**3 - 5*t**2 + t + 1. Determine p(-4).
-19
Let x(p) = -74*p**3 + 3*p**2 - 2*p - 4. What is x(-1)?
75
Let g(x) = -x**3 - 14*x**2 + 9*x + 5. What is g(-15)?
95
Let s(p) = p**3 + 6*p**2 + 2*p - 4. What is s(-5)?
11
Let n(m) = m + 6. Calculate n(-10).
-4
Let j(l) = -2*l + 2. Gi